{"id":2175,"date":"2020-11-25T12:29:27","date_gmt":"2020-11-25T11:29:27","guid":{"rendered":"http:\/\/www.imperialcasino.eu\/strazny\/?page_id=2175"},"modified":"2021-06-04T11:00:36","modified_gmt":"2021-06-04T09:00:36","slug":"kontakt-en","status":"publish","type":"page","link":"https:\/\/www.imperialcasino.eu\/strazny\/en\/kontakt-en\/","title":{"rendered":"CONTACT"},"content":{"rendered":"<section class=\"wpb-content-wrapper\">[vc_row el_id=&#8220;kontakt&#8220; el_class=&#8220;restaurace&#8220; css=&#8220;.vc_custom_1603123315553{padding-bottom: 70px !important;}&#8220;][vc_column][vc_custom_heading text=&#8220;CONTACT&#8220; font_container=&#8220;tag:h1|text_align:left&#8220; use_theme_fonts=&#8220;yes&#8220; css=&#8220;.vc_custom_1606473182822{padding-left: 60px !important;}&#8220; el_class=&#8220;hlavni-nadpis&#8220;][\/vc_column][\/vc_row][vc_row full_width=&#8220;stretch_row_content&#8220; el_id=&#8220;kontakt-small&#8220; el_class=&#8220;kontakt&#8220;][vc_column][vc_row_inner el_class=&#8220;bg-white&#8220;][vc_column_inner el_class=&#8220;right&#8220; width=&#8220;1\/2&#8243; el_id=&#8220;kontakt&#8220;][vc_single_image image=&#8220;315&#8243; img_size=&#8220;&#8220; css=&#8220;.vc_custom_1604078733764{padding-bottom: 10px !important;}&#8220;]<div class=\"norebro-heading-sc heading text-left\"\n\tid=\"norebro-custom-69de96fb69bcb\" \n\t \n\t>\n\t\n\t\n\t\n\t<h4 class=\"title\">\n\t\tNONSTOP\t<\/h4>\n\n\t\n\t\t\t<p class=\"subtitle\">\n\t\t\t\t\t<\/p>\n\t\t\n<\/div>[vc_custom_heading text=&#8220;CONTACT US&#8220; font_container=&#8220;tag:h5|text_align:left&#8220; use_theme_fonts=&#8220;yes&#8220;][vc_separator color=&#8220;custom&#8220; align=&#8220;align_left&#8220; el_width=&#8220;50&#8243; css_animation=&#8220;fadeIn&#8220; accent_color=&#8220;#bfa146&#8243;][vc_raw_html el_id=&#8220;kontaktni-udaje&#8220; el_class=&#8220;kontaktni-udaje&#8220;]JTNDZGl2JTIwY2xhc3MlM0QlMjJpa29uYS1ob21lJTIyJTNFJTNDaW1nJTIwY2xhc3MlM0QlMjJhbGlnbm5vbmUlMjBzaXplLWZ1bGwlMjB3cC1pbWFnZS0zMjQlMjIlMjBzcmMlM0QlMjIlMkZzdHJhem55JTJGd3AtY29udGVudCUyRnVwbG9hZHMlMkYyMDIwJTJGMDglMkZpa29uYS1kcmVzYS5wbmclMjIlMjBhbHQlM0QlMjIlMjIlMjB3aWR0aCUzRCUyMjMxJTIyJTIwaGVpZ2h0JTNEJTIyMzElMjIlMjAlMkYlM0UlM0MlMkZkaXYlM0UlMEElM0NkaXYlMjBjbGFzcyUzRCUyMmFkcmVzYSUyMiUzRUltcGVyaWFsJTIwQ2FzaW5vJTIwU3RyJUMzJUExJUM1JUJFbiVDMyVCRCUzQ2JyJTNFJTBBU3RyJUMzJUExJUM1JUJFbiVDMyVCRCUyMDE4JTNDYnIlM0UlMEFTdHIlQzMlQTElQzUlQkVuJUMzJUJEJTIwMzg0JTIwNDMlMEElM0MlMkZkaXYlM0UlMEElM0NkaXYlMjBjbGFzcyUzRCUyMmlrb25hLXRlbGVmb24lMjIlM0UlM0NpbWclMjBjbGFzcyUzRCUyMmFsaWdubm9uZSUyMHNpemUtZnVsbCUyMHdwLWltYWdlLTMyNCUyMiUyMHNyYyUzRCUyMiUyRnN0cmF6bnklMkZ3cC1jb250ZW50JTJGdXBsb2FkcyUyRjIwMjAlMkYwOCUyRmlrb25hLXRlbGVmb24ucG5nJTIyJTIwYWx0JTNEJTIyJTIyJTIwd2lkdGglM0QlMjIzMSUyMiUyMGhlaWdodCUzRCUyMjMxJTIyJTIwJTJGJTNFJTNDJTJGZGl2JTNFJTBBJTNDZGl2JTIwY2xhc3MlM0QlMjJ0ZWxlZm9uJTIyJTNFJTNDYSUyMGhyZWYlM0QlMjJ0ZWwlM0EzODg0MzcwMTElMjIlM0UlMkI0MjAlMjAzODglMjA0MzclMjAwMTElM0MlMkZhJTNFJTBBJTNDJTJGZGl2JTNFJTBBJTNDZGl2JTIwY2xhc3MlM0QlMjJpa29uYS1tYWlsJTIyJTNFJTNDaW1nJTIwY2xhc3MlM0QlMjJhbGlnbm5vbmUlMjBzaXplLWZ1bGwlMjB3cC1pbWFnZS0zMjQlMjIlMjBzcmMlM0QlMjIlMkZzdHJhem55JTJGd3AtY29udGVudCUyRnVwbG9hZHMlMkYyMDIwJTJGMDglMkZpa29uYS1lbWFpbC5wbmclMjIlMjBhbHQlM0QlMjIlMjIlMjB3aWR0aCUzRCUyMjMxJTIyJTIwaGVpZ2h0JTNEJTIyMzElMjIlMjAlMkYlM0UlM0MlMkZkaXYlM0UlMEElM0NkaXYlMjBjbGFzcyUzRCUyMm1haWwlMjIlM0UlM0NhJTIwaHJlZiUzRCUyMm1haWx0byUzQXJlY2VwdGlvbi5zdHJhem55JTQwaW1wZXJpYWxjYXNpbm8uZXUlMjIlM0VyZWNlcHRpb24uc3RyYXpueSU0MGltcGVyaWFsY2FzaW5vLmV1JTNDJTJGYSUzRSUwQSUzQyUyRmRpdiUzRSUwQQ==[\/vc_raw_html][vc_raw_html el_class=&#8220;social&#8220; el_id=&#8220;social&#8220; css=&#8220;.vc_custom_1622796308932{background-color: #bfa146 !important;}&#8220;]JTNDZGl2JTIwY2xhc3MlM0QlMjJzb2NpYWxuaS1pa29ueS10ZXh0JTIyJTNFRk9MTE9XJTIwVVMlM0MlMkZkaXYlM0UlMEElM0NkaXYlMjBjbGFzcyUzRCUyMnNvY2lhbG5pLWlrb255JTIyJTNDYSUyMGhyZWYlM0QlMjJodHRwcyUzQSUyRiUyRnd3dy5pbnN0YWdyYW0uY29tJTJGY2FzaW5vaW1wZXJpYWwlMkYlMjIlMjB0YXJnZXQlM0QlMjJfYmxhbmslMjIlMjByZWwlM0QlMjJub29wZW5lciUyMG5vcmVmZXJyZXIlMjIlM0UlM0NpbWclMjBjbGFzcyUzRCUyMnNpemUtbWVkaXVtJTIwd3AtaW1hZ2UtNzk3JTIwYWxpZ25ub25lJTIyJTIwc3JjJTNEJTIyJTJGc3RyYXpueSUyRndwLWNvbnRlbnQlMkZ1cGxvYWRzJTJGMjAyMCUyRjA4JTJGaW5zdGFncmFtLXdoaXRlLnBuZyUyMiUyMGFsdCUzRCUyMiUyMiUyMHdpZHRoJTNEJTIyMzUlMjIlMjBoZWlnaHQlM0QlMjIzNCUyMiUyMCUyRiUzRSUzQyUyRmElM0UlMjAlMEElM0NhJTIwaHJlZiUzRCUyMmh0dHBzJTNBJTJGJTJGd3d3LmZhY2Vib29rLmNvbSUyRkltcGVyaWFsQ2FzaW5vU3RyYXpueSUyRiUyMiUyMHRhcmdldCUzRCUyMl9ibGFuayUyMiUyMHJlbCUzRCUyMm5vb3BlbmVyJTIwbm9yZWZlcnJlciUyMiUzRSUzQ2ltZyUyMGNsYXNzJTNEJTIyd3AtaW1hZ2UtNzk2JTIwc2l6ZS1mdWxsJTIwYWxpZ25ub25lJTIyJTIwc3JjJTNEJTIyJTJGc3RyYXpueSUyRndwLWNvbnRlbnQlMkZ1cGxvYWRzJTJGMjAyMCUyRjA4JTJGZmFjZWJvb2std2hpdGUucG5nJTIyJTIwYWx0JTNEJTIyJTIyJTIwd2lkdGglM0QlMjIzNSUyMiUyMGhlaWdodCUzRCUyMjM0JTIyJTIwJTJGJTNFJTNDJTJGYSUzRSUzQyUyRmRpdiUzRSUwQQ==[\/vc_raw_html][\/vc_column_inner][vc_column_inner width=&#8220;1\/2&#8243; css=&#8220;.vc_custom_1604325622683{background-color: #e6e6e6 !important;}&#8220;]<div class=\"norebro-contact-from-sc contact-form  text-left flat\"\n\tid=\"norebro-custom-69de96fb69d82\" \n\t \n\t>\n\n\t\n<div class=\"wpcf7 no-js\" id=\"wpcf7-f2245-o1\" lang=\"cs-CZ\" dir=\"ltr\" data-wpcf7-id=\"2245\">\n<div class=\"screen-reader-response\"><p role=\"status\" aria-live=\"polite\" aria-atomic=\"true\"><\/p> <ul><\/ul><\/div>\n<form action=\"\/strazny\/wp-json\/wp\/v2\/pages\/2175#wpcf7-f2245-o1\" method=\"post\" class=\"wpcf7-form init\" aria-label=\"Kontaktn\u00ed formul\u00e1\u0159\" novalidate=\"novalidate\" data-status=\"init\">\n<fieldset class=\"hidden-fields-container\"><input type=\"hidden\" name=\"_wpcf7\" value=\"2245\" \/><input type=\"hidden\" name=\"_wpcf7_version\" value=\"6.1.5\" \/><input type=\"hidden\" name=\"_wpcf7_locale\" value=\"cs_CZ\" \/><input type=\"hidden\" name=\"_wpcf7_unit_tag\" value=\"wpcf7-f2245-o1\" \/><input type=\"hidden\" name=\"_wpcf7_container_post\" value=\"0\" \/><input type=\"hidden\" name=\"_wpcf7_posted_data_hash\" value=\"\" \/>\n<\/fieldset>\n<div class=\"form-group\">\n\t<div class=\"vc_row\">\n\t\t<div class=\"form-group vc_col-sm-6 col-sm-12 col-xs-12\">\n\t\t\t<p><label><span class=\"wpcf7-form-control-wrap\" data-name=\"jmeno\"><input size=\"40\" maxlength=\"400\" class=\"wpcf7-form-control wpcf7-text wpcf7-validates-as-required jmeno\" id=\"jmeno\" aria-required=\"true\" aria-invalid=\"false\" placeholder=\"First Name\" value=\"\" type=\"text\" name=\"jmeno\" \/><\/span><\/label>\n\t\t\t<\/p>\n\t\t<\/div>\n\t\t<div class=\"form-group vc_col-sm-6 col-sm-12 col-xs-12\">\n\t\t\t<p><label><span class=\"wpcf7-form-control-wrap\" data-name=\"prijmeni\"><input size=\"40\" maxlength=\"400\" class=\"wpcf7-form-control wpcf7-text wpcf7-validates-as-required prijmeni\" id=\"prijmeni\" aria-required=\"true\" aria-invalid=\"false\" placeholder=\"Surname\" value=\"\" type=\"text\" name=\"prijmeni\" \/><\/span><\/label>\n\t\t\t<\/p>\n\t\t<\/div>\n\t<\/div>\n\t<div class=\"vc_row\">\n\t\t<div class=\"form-group vc_col-sm-6 col-sm-12 col-xs-12\">\n\t\t\t<p><label><span class=\"wpcf7-form-control-wrap\" data-name=\"your-email\"><input size=\"40\" maxlength=\"400\" class=\"wpcf7-form-control wpcf7-email wpcf7-validates-as-required wpcf7-text wpcf7-validates-as-email email\" id=\"email\" aria-required=\"true\" aria-invalid=\"false\" placeholder=\"Email\" value=\"\" type=\"email\" name=\"your-email\" \/><\/span><\/label>\n\t\t\t<\/p>\n\t\t<\/div>\n\t\t<div class=\"form-group vc_col-sm-6 col-sm-12 col-xs-12\">\n\t\t\t<p><label><span class=\"wpcf7-form-control-wrap\" data-name=\"telefon\"><input size=\"40\" maxlength=\"400\" class=\"wpcf7-form-control wpcf7-tel wpcf7-text wpcf7-validates-as-tel telefon\" id=\"telefon\" aria-invalid=\"false\" placeholder=\"Phone\" value=\"\" type=\"tel\" name=\"telefon\" \/><\/span><\/label>\n\t\t\t<\/p>\n\t\t<\/div>\n\t<\/div>\n<\/div>\n<p><span class=\"wpcf7-form-control-wrap\" data-name=\"your-message\"><textarea cols=\"10\" rows=\"3\" maxlength=\"2000\" class=\"wpcf7-form-control wpcf7-textarea\" aria-invalid=\"false\" placeholder=\"Your text...\" name=\"your-message\"><\/textarea><\/span>\n<\/p>\n<p><span class=\"wpcf7-form-control-wrap\" data-name=\"souhlas\"><span class=\"wpcf7-form-control wpcf7-acceptance optional\"><span class=\"wpcf7-list-item\"><input type=\"checkbox\" name=\"souhlas\" value=\"1\" id=\"souhlas\" aria-invalid=\"false\" \/><\/span><\/span><\/span> I agree to the processing of personal data\n<\/p>\n<p><input class=\"wpcf7-form-control wpcf7-submit has-spinner\" type=\"submit\" value=\"Submit\" \/>\n<\/p><input type='hidden' class='wpcf7-pum' value='{\"closepopup\":false,\"closedelay\":0,\"openpopup\":false,\"openpopup_id\":0}' \/><div class=\"wpcf7-response-output\" aria-hidden=\"true\"><\/div>\n<\/form>\n<\/div>\n\n\t<div class=\"hidden\" data-contact-btn=\"true\">\n\t\t<button class=\"btn \">\n\t\t\t<span class=\"btn-load\"><\/span>\n\t\t\t<span class=\"text\"><\/span>\n\t\t<\/button>\n\t<\/div>\n<\/div>[\/vc_column_inner][\/vc_row_inner][\/vc_column][\/vc_row][vc_row full_width=&#8220;stretch_row_content_no_spaces&#8220; css=&#8220;.vc_custom_1604328857478{border-top-width: 2px !important;border-top-color: #bfa146 !important;border-top-style: solid !important;}&#8220; el_id=&#8220;kontak-mapa&#8220; el_class=&#8220;kontak-mapa&#8220;][vc_column][vc_column_text]<iframe loading=\"lazy\" style=\"border: 0;\" tabindex=\"0\" src=\"https:\/\/www.google.com\/maps\/embed?pb=!1m18!1m12!1m3!1d2622.4066427535454!2d13.720851015306456!3d48.9076443051921!2m3!1f0!2f0!3f0!3m2!1i1024!2i768!4f13.1!3m3!1m2!1s0x4774c0614612a4c5%3A0xb18a4cac53f30cbe!2zSW1wZXJpYWwgQ2FzaW5vIFN0csOhxb5uw70!5e0!3m2!1scs!2scz!4v1599129981589!5m2!1scs!2scz\" width=\"100%\" height=\"450\" frameborder=\"0\" allowfullscreen=\"allowfullscreen\" aria-hidden=\"false\"><\/iframe>[\/vc_column_text][\/vc_column][\/vc_row]\n<\/section>","protected":false},"excerpt":{"rendered":"<p>[vc_row el_id=&#8220;kontakt&#8220; el_class=&#8220;restaurace&#8220; css=&#8220;.vc_custom_1603123315553{padding-bottom: 70px !important;}&#8220;][vc_column][vc_custom_heading text=&#8220;CONTACT&#8220; font_container=&#8220;tag:h1|text_align:left&#8220; use_theme_fonts=&#8220;yes&#8220; css=&#8220;.vc_custom_1606473182822{padding-left: 60px !important;}&#8220; el_class=&#8220;hlavni-nadpis&#8220;][\/vc_column][\/vc_row][vc_row full_width=&#8220;stretch_row_content&#8220;&#8230;<\/p>\n","protected":false},"author":1,"featured_media":0,"parent":0,"menu_order":0,"comment_status":"closed","ping_status":"closed","template":"","meta":{"footnotes":""},"class_list":["post-2175","page","type-page","status-publish","hentry"],"acf":[],"_links":{"self":[{"href":"https:\/\/www.imperialcasino.eu\/strazny\/wp-json\/wp\/v2\/pages\/2175","targetHints":{"allow":["GET"]}}],"collection":[{"href":"https:\/\/www.imperialcasino.eu\/strazny\/wp-json\/wp\/v2\/pages"}],"about":[{"href":"https:\/\/www.imperialcasino.eu\/strazny\/wp-json\/wp\/v2\/types\/page"}],"author":[{"embeddable":true,"href":"https:\/\/www.imperialcasino.eu\/strazny\/wp-json\/wp\/v2\/users\/1"}],"replies":[{"embeddable":true,"href":"https:\/\/www.imperialcasino.eu\/strazny\/wp-json\/wp\/v2\/comments?post=2175"}],"version-history":[{"count":0,"href":"https:\/\/www.imperialcasino.eu\/strazny\/wp-json\/wp\/v2\/pages\/2175\/revisions"}],"wp:attachment":[{"href":"https:\/\/www.imperialcasino.eu\/strazny\/wp-json\/wp\/v2\/media?parent=2175"}],"curies":[{"name":"wp","href":"https:\/\/api.w.org\/{rel}","templated":true}]}}