{"id":2999,"date":"2022-05-01T11:40:59","date_gmt":"2022-05-01T09:40:59","guid":{"rendered":"http:\/\/www.imperialcasino.eu\/strazny\/?post_type=product&#038;p=2999"},"modified":"2023-01-19T12:17:25","modified_gmt":"2023-01-19T11:17:25","slug":"narozeninovy-balicek","status":"publish","type":"product","link":"https:\/\/www.imperialcasino.eu\/strazny\/produkt\/narozeninovy-balicek\/","title":{"rendered":"Narozeninov\u00fd bal\u00ed\u010dek"},"content":{"rendered":"<p>Vstup zdarma<br \/>\nSpeci\u00e1ln\u00ed t\u0159\u00edchodov\u00e9 menu<br \/>\nUbytov\u00e1n\u00ed se sn\u00eddan\u00ed<br \/>\nlze pou\u017e\u00edt jak\u00fdkoliv den v t\u00fddnu<br \/>\nPokud budete m\u00edt narozeniny v den check in\/out dostanete 15\u20ac bonus.<\/p>\n<p>Oslavte sv\u00e9 narozeniny v Casinu!<\/p>\n<p>P\u0159ij\u010fte si vychutnat dokonal\u00e9 Menu na\u0161\u00ed Ala Carte restaurace a u\u017eijte si ubytov\u00e1n\u00ed v luxusn\u00edch<br \/>\nDe Luxe dvoul\u016f\u017ekov\u00fdch pokoj\u00edch.<\/p>\n<p>Bal\u00ed\u010dek obsahuje: Ubytov\u00e1n\u00ed pro 2 osoby se sn\u00eddan\u00ed, ve\u010de\u0159\u00ed formou v\u00fdb\u011bru z Menu, sklenku sektu,<br \/>\nvoln\u00fd vstup do Casina<\/p>\n<p><strong>P\u0159i zakoupen\u00ed bal\u00ed\u010dku, rezervace prob\u00edh\u00e1 telefonnicky. Zavolejte na telefon: <a href=\"tel:388437011 \">+420 388 437 011 <\/a><\/strong><\/p>\n","protected":false},"excerpt":{"rendered":"<p>Vstup zdarma Speci\u00e1ln\u00ed t\u0159\u00edchodov\u00e9 menu Ubytov\u00e1n\u00ed se sn\u00eddan\u00ed lze pou\u017e\u00edt jak\u00fdkoliv den v t\u00fddnu&#8230;<\/p>\n","protected":false},"featured_media":4102,"template":"","meta":[],"product_brand":[],"product_cat":[114],"product_tag":[],"class_list":{"0":"post-2999","1":"product","2":"type-product","3":"status-publish","4":"has-post-thumbnail","6":"product_cat-balicky","8":"first","9":"instock","10":"virtual","11":"purchasable","12":"product-type-calendarista"},"acf":[],"_links":{"self":[{"href":"https:\/\/www.imperialcasino.eu\/strazny\/wp-json\/wp\/v2\/product\/2999","targetHints":{"allow":["GET"]}}],"collection":[{"href":"https:\/\/www.imperialcasino.eu\/strazny\/wp-json\/wp\/v2\/product"}],"about":[{"href":"https:\/\/www.imperialcasino.eu\/strazny\/wp-json\/wp\/v2\/types\/product"}],"wp:featuredmedia":[{"embeddable":true,"href":"https:\/\/www.imperialcasino.eu\/strazny\/wp-json\/wp\/v2\/media\/4102"}],"wp:attachment":[{"href":"https:\/\/www.imperialcasino.eu\/strazny\/wp-json\/wp\/v2\/media?parent=2999"}],"wp:term":[{"taxonomy":"product_brand","embeddable":true,"href":"https:\/\/www.imperialcasino.eu\/strazny\/wp-json\/wp\/v2\/product_brand?post=2999"},{"taxonomy":"product_cat","embeddable":true,"href":"https:\/\/www.imperialcasino.eu\/strazny\/wp-json\/wp\/v2\/product_cat?post=2999"},{"taxonomy":"product_tag","embeddable":true,"href":"https:\/\/www.imperialcasino.eu\/strazny\/wp-json\/wp\/v2\/product_tag?post=2999"}],"curies":[{"name":"wp","href":"https:\/\/api.w.org\/{rel}","templated":true}]}}