{"id":3004,"date":"2022-05-02T11:59:26","date_gmt":"2022-05-02T09:59:26","guid":{"rendered":"http:\/\/www.imperialcasino.eu\/strazny\/?post_type=product&#038;p=3004"},"modified":"2023-01-20T08:38:21","modified_gmt":"2023-01-20T07:38:21","slug":"weekend-paket","status":"publish","type":"product","link":"https:\/\/www.imperialcasino.eu\/strazny\/de\/produkt\/weekend-paket\/","title":{"rendered":"IMPERIAL Paket"},"content":{"rendered":"<p>Freier eintritt<br \/>\nZweimal 3 gang men\u00fc<br \/>\n\u00dcbernachtung\/fr\u00fchst\u00fcck<br \/>\n2x F&amp;B Voucher\/Person<br \/>\nKann jeden Wochentag eingel\u00f6st werden<br \/>\nErleben Sie ein Traumzeit im Casino Imperial Strazny.<br \/>\nDas Paket beinhaltet: zwei \u00dcbernachtungen im Doppelzimmer inklusive Fr\u00fchst\u00fcck, zweimal 3-Gang Men\u00fc mit einem Glas Sekt,2x F&amp;B Voucher pro Person,<\/p>\n<p><strong> Beim Kauf eines Pakets erfolgt die Reservierung telefonisch. Rufen Sie an: <a href=\"tel:388437011 \"> +420 388 437 011\u00a0<\/a><\/strong><\/p>\n","protected":false},"excerpt":{"rendered":"[calendarista-booking id=\"20\"]\n","protected":false},"featured_media":4103,"template":"","meta":[],"product_brand":[],"product_cat":[120],"product_tag":[],"class_list":{"0":"post-3004","1":"product","2":"type-product","3":"status-publish","4":"has-post-thumbnail","6":"product_cat-pakete","8":"first","9":"instock","10":"virtual","11":"purchasable","12":"product-type-calendarista"},"acf":[],"_links":{"self":[{"href":"https:\/\/www.imperialcasino.eu\/strazny\/wp-json\/wp\/v2\/product\/3004","targetHints":{"allow":["GET"]}}],"collection":[{"href":"https:\/\/www.imperialcasino.eu\/strazny\/wp-json\/wp\/v2\/product"}],"about":[{"href":"https:\/\/www.imperialcasino.eu\/strazny\/wp-json\/wp\/v2\/types\/product"}],"wp:featuredmedia":[{"embeddable":true,"href":"https:\/\/www.imperialcasino.eu\/strazny\/wp-json\/wp\/v2\/media\/4103"}],"wp:attachment":[{"href":"https:\/\/www.imperialcasino.eu\/strazny\/wp-json\/wp\/v2\/media?parent=3004"}],"wp:term":[{"taxonomy":"product_brand","embeddable":true,"href":"https:\/\/www.imperialcasino.eu\/strazny\/wp-json\/wp\/v2\/product_brand?post=3004"},{"taxonomy":"product_cat","embeddable":true,"href":"https:\/\/www.imperialcasino.eu\/strazny\/wp-json\/wp\/v2\/product_cat?post=3004"},{"taxonomy":"product_tag","embeddable":true,"href":"https:\/\/www.imperialcasino.eu\/strazny\/wp-json\/wp\/v2\/product_tag?post=3004"}],"curies":[{"name":"wp","href":"https:\/\/api.w.org\/{rel}","templated":true}]}}