{"id":3147,"date":"2022-05-03T12:39:15","date_gmt":"2022-05-03T10:39:15","guid":{"rendered":"http:\/\/www.imperialcasino.eu\/strazny\/?post_type=product&#038;p=3147"},"modified":"2023-08-31T09:25:14","modified_gmt":"2023-08-31T07:25:14","slug":"pokoj-bezbarierovy","status":"publish","type":"product","link":"https:\/\/www.imperialcasino.eu\/strazny\/produkt\/pokoj-bezbarierovy\/","title":{"rendered":"Pokoj bezbari\u00e9rov\u00fd"},"content":{"rendered":"<p>Pokoj pro 2 osoby s man\u017eelskou postel\u00ed.<\/p>\n","protected":false},"excerpt":{"rendered":"<p>Pokoj pro 2 osoby s man\u017eelskou postel\u00ed.<\/p>\n","protected":false},"featured_media":3160,"template":"","meta":[],"product_brand":[],"product_cat":[137,79],"product_tag":[],"class_list":{"0":"post-3147","1":"product","2":"type-product","3":"status-publish","4":"has-post-thumbnail","6":"product_cat-bezbarierovy","7":"product_cat-manzelska-postel","9":"first","10":"instock","11":"virtual","12":"purchasable","13":"product-type-calendarista"},"acf":[],"_links":{"self":[{"href":"https:\/\/www.imperialcasino.eu\/strazny\/wp-json\/wp\/v2\/product\/3147","targetHints":{"allow":["GET"]}}],"collection":[{"href":"https:\/\/www.imperialcasino.eu\/strazny\/wp-json\/wp\/v2\/product"}],"about":[{"href":"https:\/\/www.imperialcasino.eu\/strazny\/wp-json\/wp\/v2\/types\/product"}],"wp:featuredmedia":[{"embeddable":true,"href":"https:\/\/www.imperialcasino.eu\/strazny\/wp-json\/wp\/v2\/media\/3160"}],"wp:attachment":[{"href":"https:\/\/www.imperialcasino.eu\/strazny\/wp-json\/wp\/v2\/media?parent=3147"}],"wp:term":[{"taxonomy":"product_brand","embeddable":true,"href":"https:\/\/www.imperialcasino.eu\/strazny\/wp-json\/wp\/v2\/product_brand?post=3147"},{"taxonomy":"product_cat","embeddable":true,"href":"https:\/\/www.imperialcasino.eu\/strazny\/wp-json\/wp\/v2\/product_cat?post=3147"},{"taxonomy":"product_tag","embeddable":true,"href":"https:\/\/www.imperialcasino.eu\/strazny\/wp-json\/wp\/v2\/product_tag?post=3147"}],"curies":[{"name":"wp","href":"https:\/\/api.w.org\/{rel}","templated":true}]}}