{"id":1494,"date":"2025-12-22T12:32:23","date_gmt":"2025-12-22T11:32:23","guid":{"rendered":"https:\/\/www.imperialcasino.eu\/zinnwald\/?page_id=1494"},"modified":"2026-01-30T09:38:25","modified_gmt":"2026-01-30T08:38:25","slug":"home","status":"publish","type":"page","link":"https:\/\/www.imperialcasino.eu\/zinnwald\/","title":{"rendered":"Home"},"content":{"rendered":"<p><!-- 1. SEKCE: HERO --><\/p>\n<section class=\"sec hero-sec\">\n<div class=\"inner container\"> <div class=\"event-wrapper\">            <div class=\"event-card\">\n                                <div class=\"event-img\" onclick=\"window.location.href='\/zinnwald\/akce\/'\" style=\"cursor:pointer;\">\n                    <img decoding=\"async\" src=\"https:\/\/www.imperialcasino.eu\/zinnwald\/wp-content\/uploads\/2026\/01\/zinnwald-10jahre.webp\" alt=\"10. JAHRESTAG DER ER\u00d6FFNUNG DES CASINO\">\n                <\/div>\n                                <div class=\"event-info\">\n                    <div class=\"event-date\">24\/04\/2026<\/div>\n                    <div class=\"event-title\">\n                        <a href=\"\/zinnwald\/akce\/\">10. JAHRESTAG DER ER\u00d6FFNUNG DES CASINO<\/a>\n                    <\/div>\n                    <div class=\"event-time\"><\/div>\n                <\/div>\n            <\/div>\n                        <div class=\"event-card\">\n                                <div class=\"event-img\" onclick=\"window.location.href='\/zinnwald\/akce\/'\" style=\"cursor:pointer;\">\n                    <img decoding=\"async\" src=\"https:\/\/www.imperialcasino.eu\/zinnwald\/wp-content\/uploads\/2026\/01\/zinnwald-10jahre.webp\" alt=\"10. V\u00ddRO\u010c\u00cd OTEV\u0158EN\u00cd CASINA\">\n                <\/div>\n                                <div class=\"event-info\">\n                    <div class=\"event-date\">24\/04\/2026<\/div>\n                    <div class=\"event-title\">\n                        <a href=\"\/zinnwald\/akce\/\">10. V\u00ddRO\u010c\u00cd OTEV\u0158EN\u00cd CASINA<\/a>\n                    <\/div>\n                    <div class=\"event-time\"><\/div>\n                <\/div>\n            <\/div>\n            <\/div><\/div>\n<\/section>\n<p><!-- 2. SEKCE: BONUS PROGRAM --><\/p>\n<section class=\"sec vstupni-sec\">\n<div class=\"bonus-header\">\n<h2>VSTUPN\u00cd BONUS PROGRAM<\/h2>\n<\/div>\n<div class=\"bonus-cards\">\n<div class=\"bonus-cards\">\n<!-- MODR\u00c1 KARTA --><\/p>\n<div class=\"card-modra\" onclick=\"window.location.href='\/zinnwald\/bonus-program\/#level-blue'\" style=\"cursor: pointer;\"><img decoding=\"async\" src=\"\/zinnwald\/wp-content\/uploads\/2025\/12\/imperial-blue.webp\" alt=\"Modr\u00e1 karta\" \/><\/p>\n<div class=\"title-modra\">BLUE CARD<\/div>\n<div>VSTUPN\u00cd BONUS<\/div>\n<div class=\"bonus-modra\">10\u20ac = 15\u20ac<\/div>\n<div>BODY x 1<\/div>\n<\/div>\n<p><!-- ZLAT\u00c1 KARTA --><\/p>\n<div class=\"card-zlata\" onclick=\"window.location.href='\/zinnwald\/bonus-program\/#level-gold'\" style=\"cursor: pointer;\"><img decoding=\"async\" src=\"\/zinnwald\/wp-content\/uploads\/2025\/12\/imperial-gold.webp\" alt=\"Zlat\u00e1 karta\" \/><\/p>\n<div class=\"title-zlata\">GOLD CARD<\/div>\n<div>VSTUPN\u00cd BONUS<\/div>\n<div class=\"bonus-zlata\">10\u20ac = 20\u20ac<\/div>\n<div>BODY x 2<\/div>\n<\/div>\n<p><!-- PLATINOV\u00c1 KARTA --><\/p>\n<div class=\"card-platin\" onclick=\"window.location.href='\/zinnwald\/bonus-program\/#level-platinum'\" style=\"cursor: pointer;\"><img decoding=\"async\" src=\"\/zinnwald\/wp-content\/uploads\/2025\/12\/platina.webp\" alt=\"Platinov\u00e1 karta\" \/><\/p>\n<div class=\"title-platin\">PLATINUM CARD<\/div>\n<div>VSTUPN\u00cd BONUS<\/div>\n<div class=\"bonus-platin\">10\u20ac = 20\u20ac<\/div>\n<div>BODY x 3<\/div>\n<\/div>\n<\/div>\n<\/div>\n<\/section>\n\n","protected":false},"excerpt":{"rendered":"<p>VSTUPN\u00cd BONUS PROGRAM BLUE CARD VSTUPN\u00cd BONUS 10\u20ac = 15\u20ac BODY x 1 GOLD CARD VSTUPN\u00cd BONUS 10\u20ac = 20\u20ac [&hellip;]<\/p>\n","protected":false},"author":3,"featured_media":0,"parent":0,"menu_order":0,"comment_status":"closed","ping_status":"closed","template":"","meta":{"_acf_changed":false,"site-sidebar-layout":"default","site-content-layout":"","ast-site-content-layout":"full-width-container","site-content-style":"default","site-sidebar-style":"default","ast-global-header-display":"","ast-banner-title-visibility":"","ast-main-header-display":"","ast-hfb-above-header-display":"","ast-hfb-below-header-display":"","ast-hfb-mobile-header-display":"","site-post-title":"","ast-breadcrumbs-content":"","ast-featured-img":"","footer-sml-layout":"","ast-disable-related-posts":"","theme-transparent-header-meta":"default","adv-header-id-meta":"","stick-header-meta":"","header-above-stick-meta":"","header-main-stick-meta":"","header-below-stick-meta":"","astra-migrate-meta-layouts":"set","ast-page-background-enabled":"default","ast-page-background-meta":{"desktop":{"background-color":"var(--ast-global-color-5)","background-image":"","background-repeat":"repeat","background-position":"center center","background-size":"auto","background-attachment":"scroll","background-type":"","background-media":"","overlay-type":"","overlay-color":"","overlay-opacity":"","overlay-gradient":""},"tablet":{"background-color":"","background-image":"","background-repeat":"repeat","background-position":"center center","background-size":"auto","background-attachment":"scroll","background-type":"","background-media":"","overlay-type":"","overlay-color":"","overlay-opacity":"","overlay-gradient":""},"mobile":{"background-color":"","background-image":"","background-repeat":"repeat","background-position":"center center","background-size":"auto","background-attachment":"scroll","background-type":"","background-media":"","overlay-type":"","overlay-color":"","overlay-opacity":"","overlay-gradient":""}},"ast-content-background-meta":{"desktop":{"background-color":"var(--ast-global-color-4)","background-image":"","background-repeat":"repeat","background-position":"center center","background-size":"auto","background-attachment":"scroll","background-type":"","background-media":"","overlay-type":"","overlay-color":"","overlay-opacity":"","overlay-gradient":""},"tablet":{"background-color":"var(--ast-global-color-4)","background-image":"","background-repeat":"repeat","background-position":"center center","background-size":"auto","background-attachment":"scroll","background-type":"","background-media":"","overlay-type":"","overlay-color":"","overlay-opacity":"","overlay-gradient":""},"mobile":{"background-color":"var(--ast-global-color-4)","background-image":"","background-repeat":"repeat","background-position":"center center","background-size":"auto","background-attachment":"scroll","background-type":"","background-media":"","overlay-type":"","overlay-color":"","overlay-opacity":"","overlay-gradient":""}},"footnotes":""},"class_list":["post-1494","page","type-page","status-publish","hentry"],"acf":[],"_links":{"self":[{"href":"https:\/\/www.imperialcasino.eu\/zinnwald\/wp-json\/wp\/v2\/pages\/1494","targetHints":{"allow":["GET"]}}],"collection":[{"href":"https:\/\/www.imperialcasino.eu\/zinnwald\/wp-json\/wp\/v2\/pages"}],"about":[{"href":"https:\/\/www.imperialcasino.eu\/zinnwald\/wp-json\/wp\/v2\/types\/page"}],"author":[{"embeddable":true,"href":"https:\/\/www.imperialcasino.eu\/zinnwald\/wp-json\/wp\/v2\/users\/3"}],"replies":[{"embeddable":true,"href":"https:\/\/www.imperialcasino.eu\/zinnwald\/wp-json\/wp\/v2\/comments?post=1494"}],"version-history":[{"count":28,"href":"https:\/\/www.imperialcasino.eu\/zinnwald\/wp-json\/wp\/v2\/pages\/1494\/revisions"}],"predecessor-version":[{"id":1908,"href":"https:\/\/www.imperialcasino.eu\/zinnwald\/wp-json\/wp\/v2\/pages\/1494\/revisions\/1908"}],"wp:attachment":[{"href":"https:\/\/www.imperialcasino.eu\/zinnwald\/wp-json\/wp\/v2\/media?parent=1494"}],"curies":[{"name":"wp","href":"https:\/\/api.w.org\/{rel}","templated":true}]}}